e 6.
2
Convert -2 (base 6) to base 15.
-2
-3 (base 4) to base 14
-3
-1 (base 12) to base 5
-1
-4 (base 14) to base 12
-4
-24 (base 11) to base 3
-222
Convert 1 (base 8) to base 7.
1
5 (base 12) to base 5
10
Convert 102 (base 3) to base 10.
11
What is c (base 15) in base 5?
22
What is 17 (base 16) in base 3?
212
Convert -45 (base 14) to base 11.
-56
What is 8 (base 13) in base 6?
12
What is -3010 (base 4) in base 12?
-144
-35 (base 12) to base 13
-32
Convert 0 (base 2) to base 9.
0
42 (base 16) to base 7
123
What is 1a (base 16) in base 11?
24
What is 54 (base 7) in base 16?
27
0 (base 5) to base 13
0
-32 (base 8) to base 7
-35
2 (base 11) to base 10
2
What is 220 (base 4) in base 8?
50
What is 127 (base 10) in base 12?
a7
Convert 2 (base 13) to base 2.
10
Convert -33 (base 7) to base 9.
-26
What is 2 (base 10) in base 12?
2
What is -61 (base 11) in base 12?
-57
-1143 (base 6) to base 8
-427
Convert 3 (base 6) to base 13.
3
What is a (base 13) in base 2?
1010
Convert -20001 (base 3) to base 2.
-10100011
Convert -26 (base 9) to base 11.
-22
120 (base 4) to base 2
11000
What is -11 (base 3) in base 5?
-4
What is -5 (base 11) in base 9?
-5
What is 1 (base 5) in base 8?
1
What is -81 (base 16) in base 13?
-9c
Convert 3 (base 10) to base 4.
3
What is -2 (base 6) in base 14?
-2
What is -5b (base 15) in base 8?
-126
What is -113 (base 12) in base 6?
-423
-7 (base 14) to base 3
-21
Convert 8 (base 13) to base 3.
22
1100 (base 3) to base 7
51
14 (base 11) to base 10
15
-64 (base 14) to base 3
-10021
What is -a (base 14) in base 16?
-a
Convert 66 (base 9) to base 3.
2020
Convert 3 (base 9) to base 4.
3
What is 14 (base 14) in base 15?
13
What is -22 (base 7) in base 2?
-10000
c (base 14) to base 9
13
-1 (base 2) to base 15
-1
0 (base 10) to base 13
0
What is 23 (base 9) in base 12?
19
What is -2 (base 10) in base 15?
-2
What is 9 (base 16) in base 15?
9
Convert 11 (base 8) to base 15.
9
Convert 1200 (base 3) to base 15.
30
What is -332 (base 4) in base 5?
-222
Convert -2a (base 13) to base 2.
-100100
What is 100 (base 6) in base 16?
24
Convert 6 (base 13) to base 6.
10
33 (base 4) to base 14
11
What is -1010 (base 2) in base 7?
-13
What is 153 (base 14) in base 6?
1125
What is 6 (base 11) in base 4?
12
What is 3 (base 8) in base 2?
11
What is 202 (base 10) in base 15?
d7
10 (base 2) to base 4
2
18 (base 16) to base 7
33
Convert 0 (base 11) to base 10.
0
What is -c (base 15) in base 5?
-22
What is -154 (base 6) in base 9?
-77
-5 (base 10) to base 5
-10
What is 2 (base 10) in base 16?
2
Convert b (base 15) to base 3.
102
26 (base 16) to base 7
53
79 (base 15) to base 11
a4
-14 (base 5) to base 4
-21
-1 (base 16) to base 12
-1
Convert 643 (base 7) to base 16.
145
What is -1 (base 12) in base 15?
-1
40 (base 10) to base 8
50
Convert 1101 (base 2) to base 16.
d
1 (base 7) to base 4
1
-54 (base 8) to base 12
-38
What is -4 (base 12) in base 9?
-4
-1010 (base 2) to base 12
-a
7 (base 12) to base 15
7
-6 (base 12) to base 13
-6
What is 4 (base 16) in base 14?
4
111 (base 12) to base 15
a7
What is -11 (base 2) in base 9?
-3
-5 (base 15) to base 14
-5
18 (base 10) to base 6
30
What is -22 (base 8) in base 9?
-20
-53 (base 15) to base 9
-86
Convert -83 (base 11) to base 13.
-70
What is -5 (base 10) in base 13?
-5
What is 10001111 (base 2) in base 5?
1033
Convert -15 (base 13) to base 8.
-22
-8 (base 12) to base 2
-1000
-78 (base 13) to base 14
-71
Convert -4 (base 8) to base 7.
-4
-c (base 16) to base 2
-1100
-7 (base 15) to base 8
-7
What is -60 (base 8) in base 14?
-36
What is 81 (base 12) in base 9?
117
54 (base 13) to base 10
69
-5 (base 7) to base 13
-5
Convert 14 (base 14) to base 4.
102
What is -140 (base 8) in base 14?
-6c
Convert -100 (base 2) to base 8.
-4
Convert 6 (base 9) to base 8.
6
7 (base 9) to base 6
11
-1 (base 3) to base 12
-1
-26 (base 13) to base 2
-100000
What is 30 (base 6) in base 3?
200
Convert -1 (base 13) to base 5.
-1
2 (base 16) to base 6
2
2 (base 5) to base 12
2
What is -e (base 16) in base 3?
-112
Convert -3 (base 8) to base 2.
-11
What is 5 (base 9) in base 16?
5
What is -4 (base 11) in base 15?
-4
Convert 1a (base 11) to base 5.
41
-122 (base 6) to base 4
-302
What is 4 (base 7) in base 5?
4
4e (base 16) to base 5
303
6 (base 16) to base 10
6
Convert -31 (base 6) to base 13.
-16
What is -2 (base 15) in base 8?
-2
-210 (base 11) to base 16
-fd
72 (base 8) to base 15
3d
Convert 20 (base 4) to base 6.
12
What is 15 (base 10) in base 15?
10
What is 91 (base 12) in base 6?
301
What is -24 (base 5) in base 7?
-20
What is 0 (base 9) in base 14?
0
Convert -3 (base 4) to base 14.
-3
a (base 16) to base 8
12
Convert 30 (base 6) to base 8.
22
Convert 11011 (base 2) to base 6.
43
What is 0 (base 11) in base 3?
0
-10101 (base 2) to base 12
-19
Convert 6 (base 13) to base 7.
6
Convert -2 (base 14) to base 10.
-2
-111 (base 2) to base 3
-21
What is 36 (base 7) in base 4?
123
What is 10100 (base 2) in base 12?
18
Convert -14 (base 15) to base 4.
-103
12 (base 3) to base 4
11
5 (base 8) to base 3
12
Convert 5 (base 7) to base 14.
5
What is -3 (base 12) in base 10?
-3
What is -21 (base 5) in base 2?
-1011
Convert 14 (base 12) to base 3.
121
Convert 2 (base 7) to base 9.
2
Convert -c (base 13) to base 11.
-11
What is 24 (base 7) in base 15?
13
What is -a6 (base 11) in base 15?
-7b
5 (base 16) to base 6
5
Convert 43 (base 15) to base 4.
333
What is -1 (base 11) in base 7?
-1
Convert 21 (base 3) to base 7.
10
Convert -2 (base 10) to base 6.
-2
Convert -540 (base 6) to base 16.
-cc
What is 111010 (base 2) in base 14?
42
What is 8 (base 9) in base 13?
8
Convert 3 (base 10) to base 4.
3
-30 (base 6) to base 4
-102
Convert -ab (base 13) to base 8.
-215
Convert -b (base 12) to base 9.
-12
-1 (base 7) to base 10
-1
-118 (base 10) to base 4
-1312
Convert -3 (base 7) to base 5.
-3
Convert 3 (base 11) to base 15.
3
12 (base 6) to base 3
22
Convert -5 (base 10) to base 8.
-5
Convert -1d (base 15) to base 9.
-31
What is 1000 (base 3) in base 5?
102
What is -1 (base 8) in base 2?
-1
What is 123 (base 4) in base 3?
1000
-155 (base 11) to base 10
-181
What is 234 (base 6) in base 5?
334
What is 2 (base 9) in base 8?
2
Convert 10 (base 6) to base 13.
6
d6 (base 15) to base 13
126
Convert -6 (base 8) to base 14.
-6
Convert -d (base 14) to base 2.
-1101
Convert -29 (base 10) to base 4.
-131
Convert -313 (base 5) to base 16.
-53
Convert -1b (base 12) to base 5.
-43
Convert 1303 (base 4) to base 11.
a5
What is 2 (base 14) in base 3?
2
Convert 3 (base 6) to base 14.
3
3 (base 12) to base 3
10
Convert -1a (base 15) to base 4.
-121
Convert -100 (base 5) to base 12.
-21
What is 7 (base 16) in base 4?
13
70 (base 8) to base 9
62
What is 53 (base 6) in base 9?
36
What is -c (base 14) in base 9?
-13
Convert -1 (base 3) to base 16.
-1
-10 (base 2) to base 4
-2
What is -330 (base 7) in base 4?
-2220
Convert -1 (base 9) to base 15.
-1
-42 (base 13) to base 14
-3c
2 (base 5) to base 16
2
11 (base 7) to base 11
8
What is -2 (base 14) in base 4?
-2
What is 113 (base 14) in base 3?
21220
6 (base 15) to base 5
11
What is -10010110 (base 2) in base 5?
-1100
Convert -12 (base 3) to base 15.
-5
12 (base 9) to base 2
1011
-7 (base 12) to base 5
-12
-4 (base 9) to base 6
-4
-1010 (base 2) to base 7
-13
13 (base 11) to base 14
10
What is -30 (base 12) in base 14?
-28
88 (base 15) to base 8
200
Convert 40 (base 8) to base 15.
22
-13 (base 13) to base 7
-22
What is 3 (base 10) in base 9?
3
What is -c3 (base 15) in base 6?
-503
What is -2 (base 4) in base 2?
-10
-8 (base 15) to base 13
-8
175 (base 11) to base 2
11001011
Convert -3 (base 7) to base 3.
-10
-4 (base 6) to base 3
-11
8 (base 12) to base 8
10
What is -12 (base 6) in base 11?
-8
What is -2 (base 14) in base 5?
-2
4 (base 16) to base 5
4
Convert 10000001 (base 2) to base 6.
333
50 (base 11) to base 13
43
What is -a8 (base 13) in base 11?
-116
2 (base 10) to base 11
2
Convert 0 (base 4) to base 13.
0
111 (base 7) to base 16
39
Convert -11 (base 16) to base 6.
-25
What is 0 (base 8) in base 2?
0
10 (base 6) to base 11
6
Convert -18 (base 13) to base 7.
-30
Convert -1010 (base 2) to base 10.
-10
What is 3 (base 8) in base 10?
3
-2 (base 6) to base 5
-2
What is 16 (base 12) in base 5?
33
Convert 157 (base 11) to base 5.
1213
1002 (